f 30951684 and 14763?
2109
What is the greatest common factor of 9960 and 2704168?
8
What is the greatest common divisor of 229545 and 11295?
45
Calculate the highest common divisor of 22 and 203390187.
11
Calculate the greatest common divisor of 14688 and 3455136.
864
Calculate the highest common factor of 860 and 3056060.
20
What is the greatest common divisor of 39295 and 133690?
145
Calculate the greatest common factor of 24344155 and 226.
113
What is the highest common divisor of 139105 and 6121695?
215
Calculate the highest common factor of 36 and 300201744.
12
Calculate the greatest common divisor of 513432 and 2928.
24
What is the highest common divisor of 5 and 243096565?
5
Calculate the highest common factor of 4858 and 25358066.
694
Calculate the greatest common divisor of 1114 and 15000567.
557
Calculate the greatest common factor of 161800 and 266200.
200
What is the highest common divisor of 15741791 and 359?
359
Calculate the highest common divisor of 11636916 and 1.
1
Calculate the greatest common divisor of 203 and 2477934.
29
What is the greatest common divisor of 8157 and 7989?
3
Calculate the highest common factor of 5193368 and 32488.
248
Calculate the highest common divisor of 33040 and 119.
7
Calculate the highest common divisor of 29494801 and 49.
7
Calculate the greatest common factor of 123888 and 52176.
48
What is the greatest common factor of 50375 and 619411?
403
Calculate the greatest common factor of 2856294 and 78.
6
Calculate the greatest common divisor of 334310 and 22531170.
3310
What is the highest common factor of 5322362 and 2?
2
Calculate the greatest common factor of 18534838 and 3038.
3038
Calculate the highest common factor of 152 and 257372.
4
Calculate the highest common factor of 11 and 131440254.
11
What is the greatest common factor of 1519 and 486717?
49
What is the highest common factor of 68319498 and 3?
3
Calculate the greatest common factor of 2100 and 296737350.
1050
What is the greatest common divisor of 635872 and 24000?
32
What is the highest common divisor of 44799030 and 180?
90
What is the greatest common divisor of 324 and 378372?
12
Calculate the highest common factor of 508 and 27436.
4
What is the highest common factor of 17615196 and 856?
428
Calculate the greatest common divisor of 979640 and 88941.
1289
Calculate the greatest common factor of 12779488 and 6815.
1363
What is the highest common divisor of 194488 and 1196552?
1288
Calculate the greatest common factor of 102 and 4662046.
34
What is the highest common factor of 331886 and 3300787?
1643
Calculate the greatest common divisor of 1508608 and 1045120.
9088
What is the highest common divisor of 35129798 and 412?
206
What is the highest common factor of 18612708 and 328284?
9948
Calculate the greatest common factor of 33835350 and 5550.
150
What is the greatest common divisor of 112 and 208107004?
28
What is the highest common divisor of 107667 and 17?
1
What is the highest common factor of 9300 and 847248?
12
Calculate the greatest common divisor of 589725877 and 65.
13
What is the greatest common divisor of 347779067 and 184?
23
Calculate the highest common factor of 4729803 and 53519.
491
Calculate the greatest common factor of 22890150 and 150.
150
Calculate the greatest common divisor of 1749848 and 424.
424
Calculate the greatest common factor of 746124092 and 777.
259
Calculate the highest common divisor of 1159501951 and 3513.
1171
Calculate the highest common divisor of 119589375 and 25.
25
Calculate the greatest common divisor of 11659389 and 63.
21
Calculate the highest common divisor of 1587 and 15410299.
529
What is the highest common factor of 2415135 and 6?
3
Calculate the greatest common factor of 124 and 1260491.
31
What is the highest common factor of 16354626 and 530394?
4866
Calculate the greatest common divisor of 960 and 17249600.
320
Calculate the highest common divisor of 3844920 and 761466.
1074
Calculate the greatest common factor of 3198356 and 106708.
2884
What is the greatest common factor of 4646 and 10096?
2
What is the greatest common divisor of 240 and 51303488?
16
What is the greatest common divisor of 2930 and 2716810?
10
Calculate the highest common divisor of 4992 and 22178.
26
Calculate the greatest common divisor of 132514474 and 10446.
3482
Calculate the highest common divisor of 4392 and 272116.
4
Calculate the highest common divisor of 189 and 76997601.
27
Calculate the highest common factor of 39466360 and 200.
40
What is the highest common factor of 1159 and 131515207?
1159
What is the greatest common divisor of 226188 and 156038?
122
What is the greatest common divisor of 1269 and 2301723?
27
What is the highest common divisor of 22625 and 39650765?
905
Calculate the greatest common factor of 65794 and 77578.
982
What is the highest common divisor of 3216448 and 1594304?
1856
Calculate the greatest common divisor of 162 and 8052426.
54
What is the greatest common factor of 82897 and 61123?
19
Calculate the greatest common factor of 20980336 and 1352.
1352
What is the highest common factor of 18103789 and 71877?
1843
Calculate the highest common divisor of 17481673 and 1738.
869
Calculate the greatest common factor of 65205 and 23035880.
805
Calculate the highest common divisor of 120 and 173169828.
12
Calculate the greatest common factor of 84679 and 749.
7
Calculate the highest common factor of 17830 and 49367704.
3566
What is the greatest common factor of 8380677 and 263574?
4881
What is the greatest common divisor of 4300 and 16517160?
860
What is the greatest common factor of 10 and 1636526?
2
What is the greatest common factor of 16144 and 8858011?
1009
Calculate the highest common factor of 3383035 and 13390.
515
Calculate the highest common factor of 147 and 2239.
1
Calculate the highest common divisor of 38635304 and 424.
424
Calculate the highest common factor of 969115 and 455.
35
Calculate the greatest common factor of 19016648 and 112.
56
What is the greatest common divisor of 3493968 and 45152?
1328
What is the highest common factor of 5668511 and 9361?
851
What is the greatest common divisor of 125 and 1099770?
5
What is the highest common factor of 157960 and 423280?
440
What is the highest common divisor of 75056374 and 1431?
53
What is the highest common divisor of 64966323 and 1236?
309
What is the highest common divisor of 6363 and 68733?
63
What is the highest common factor of 45 and 82650690?
45
What is the highest common factor of 1138571 and 115381?
2177
Calculate the greatest common factor of 12575433 and 3.
3
Calculate the highest common factor of 102 and 66520371.
51
What is the greatest common divisor of 12391387 and 470761?
7979
What is the highest common divisor of 13200 and 326696700?
3300
What is the greatest common divisor of 78841 and 7050638?
11263
Calculate the highest common divisor of 44706620 and 1197.
133
Calculate the greatest common factor of 192760 and 5856.
488
Calculate the highest common factor of 41762 and 263911976.
5966
What is the highest common divisor of 12327 and 58317?
21
What is the highest common divisor of 938 and 570572?
134
Calculate the greatest common divisor of 3125340 and 2506.
358
What is the highest common divisor of 2627 and 110221039?
2627
Calculate the highest common factor of 391 and 912479.
23
Calculate the greatest common factor of 771225 and 529179.
2373
What is the greatest common factor of 40518310 and 252?
14
What is the greatest common factor of 56859341 and 22?
11
Calculate the greatest common factor of 729630720 and 3744.
3744
What is the highest common factor of 535248 and 2816?
16
What is the greatest common factor of 927827682 and 92?
46
What is the greatest common factor of 157413860 and 1516?
1516
What is the greatest common factor of 65 and 10153650?
65
Calculate the greatest common factor of 486314176 and 1376.
1376
What is the greatest common divisor of 7471116 and 432?
108
Calculate the greatest common factor of 29119624 and 1096.
1096
What is the highest common factor of 40716270 and 17200?
430
What is the highest common factor of 1107222633 and 57315?
11463
Calculate the highest common divisor of 1575 and 49421925.
1575
What is the greatest common divisor of 85 and 651145815?
85
Calculate